-46)/(-10) - 2/(-5). Suppose -h = -3*j - 58, -216 = -2*h - c*j - 67. Let v = h - -190. Is v a prime number?
True
Suppose -4*s + 0 = 4, g - 5*s + 19 = 0. Is (5 + 222/g)*(1 + -77) prime?
False
Suppose 5*k = 2*h + 158841, 5*h - 103019 - 24067 = -4*k. Is k prime?
True
Suppose 9*z = 4*z. Let t(f) be the third derivative of -f**4/24 + 55*f**3/6 + 13*f**2. Is t(z) a composite number?
True
Let y = -8 - -12. Suppose -4 = -2*m - 3*c, 7 = -y*m + 3*m + 3*c. Is m/((-2)/(28 - 2)) composite?
False
Suppose 3998 + 710 = 4*t. Is t a prime number?
False
Let u be 62/(-22) + (-18)/99. Let c be (-1)/u + (-5)/(-3). Suppose -5*b + c*f = -2*b - 865, -f - 1160 = -4*b. Is b composite?
True
Let f = 3094 + 5479. Is f a composite number?
False
Let w(r) = -r + 9. Let f be w(6). Suppose 0*o = f*t - 3*o - 24, -4*o = -t + 2. Let j = t - -1. Is j a composite number?
False
Let a(v) be the third derivative of 7*v**6/120 + 2*v**5/15 - 3*v**4/8 + v**3/2 + 9*v**2. Let z be a(4). Suppose -m + d + 237 = 56, 3*m + d = z. Is m prime?
True
Let b(x) = x**3 + 36*x**2 + 34*x + 17. Is b(-30) prime?
True
Let p = 3311 - -3492. Is p a prime number?
True
Let t be (-12)/(-3) - (0 + 1). Suppose -t*j + 112 = 1. Is j composite?
False
Is (-9 - 44/(-11))*1607*-1 a prime number?
False
Is ((-30)/(-5) + -5)/(3/42729) composite?
False
Let i = -4619 - -10186. Is i composite?
True
Suppose -7*k = -326253 - 21724. Is k a prime number?
True
Suppose -4 = 4*x - 16. Suppose -x*o = -2*l - 5999 + 1770, 2*l + 1411 = o. Is o composite?
False
Suppose -5*z = 0, -z + 5845 = 2*c - 1341. Is c a prime number?
True
Suppose -13*i = -8*i + 6095. Let o = i + 2504. Suppose 0*h - o = -5*h. Is h prime?
True
Let q(o) = 2201*o - 12. Is q(5) a prime number?
True
Suppose c - 5*d = 1250, 3*c - 6*d = -8*d + 3767. Is c a composite number?
True
Is 0 + (-127)/(-4)*(-4)/(-1) composite?
False
Suppose 4*g + 10 = -2*j, 4 = -g - 0. Suppose -5*s - 1201 = -j*y, -4*y - s + 1612 = -5*s. Is y a prime number?
False
Let b = -1507 - 123. Is b/(-5) - (-3 - 0) a composite number?
True
Let y(q) = 46 - 5*q - 5*q**2 - 10 - 3*q + 2*q. Let g(k) = k**2 + k - 7. Let a(z) = 11*g(z) + 2*y(z). Is a(-9) a composite number?
True
Let w = 131 + 34. Suppose -390 + 30 = -3*h. Suppose 3*o = h + w. Is o a prime number?
False
Suppose 6*y = -3*z + 4*y + 6541, -5*z = 5*y - 10895. Is z a prime number?
False
Suppose 3*h = 5*q - 19, 0*q - 3*q = 4*h - 23. Let x(c) = 62*c + 24. Is x(q) a composite number?
True
Suppose 5 = -0*o + 5*o - 2*m, 2*o - 31 = -5*m. Is -9007*o/(-15) + 14/(-35) a prime number?
True
Let f = -46 - -50. Suppose -3*v - f + 493 = 0. Is v a composite number?
False
Let s(i) = -433*i - 186. Is s(-9) a prime number?
False
Suppose -2*b + 6 = -4*b. Let m be 22*2*b/(-12). Suppose 4*w = z - 179, 2*z + m = -2*w + 329. Is z prime?
True
Let r = -18 - -22. Let n be (-224)/(-70) - r/(-5). Is 1*n - (-453 - -12) a composite number?
True
Let o(b) = 20*b - 5 - 20*b + 4*b**2 - 30*b**3. Is o(-3) prime?
False
Is 3787 + (-10 - -4 - 2) composite?
False
Let k = -34 + 37. Suppose -7 = -2*i - 3*z, -12 = -5*i - 2*z - 0*z. Is 188 - (k + 0 - i) a composite number?
True
Suppose 4*c + 28 = 8*c. Suppose -2*y - 7075 = -c*y. Is y composite?
True
Is -2 - ((-2)/(-17) + (-689038)/238) a prime number?
False
Suppose m = 18 - 6. Let w = -2 + m. Is (485/w)/(3/12) a composite number?
True
Let c(d) = 4*d + 22. Let q be c(-5). Suppose 472 = q*r - 1110. Is r a composite number?
True
Is 530/5 + -2 + 2 composite?
True
Let c = -293 - -699. Suppose h = 115 + c. Is h a prime number?
True
Let c be (-4)/(-2) + (-8 - 2). Is 2 + 2 - 20280/c composite?
False
Let h(a) = -24*a + 14. Let l(o) = o**3 + o**2 + o - 1. Let k be l(-2). Let f be h(k). Suppose -t - f = -5*x + 199, -t - 150 = -2*x. Is x prime?
False
Suppose -4*g - 2*c = -99280, -56758 = -2*g - 2*c - 7120. Is g a prime number?
True
Let w(r) = r**2 + 10*r + 2. Let s be w(-10). Let l be ((-3)/(-2))/(9/12). Suppose 2*u - 210 = -s*d, -l*u + 216 = 2*d + 3*u. Is d a composite number?
False
Suppose -l - 886 = -3*l. Is l a prime number?
True
Suppose -4*f - 3*i - 162 = -6*f, i - 338 = -4*f. Let u = f - -1013. Is u a prime number?
True
Let s(c) = 268*c**2 - 12*c + 171. Is s(11) composite?
False
Suppose -12*m + 10*m + 1998 = 0. Suppose -3*w - 6 = -w, -3*t - 4*w + m = 0. Is t composite?
False
Let p = 65 - 91. Let c = -22 - p. Suppose r + 209 = y - 0*y, -c*y - r = -846. Is y a prime number?
True
Let z be 1/(210/69 - 3). Let w = 32 - z. Let s(j) = 13*j + 10. Is s(w) composite?
False
Let r = 55699 - 2010. Is r a composite number?
True
Let d = 6559 - -4948. Is d a prime number?
False
Let s be (-2 - (2 + -2)) + 1 + 324. Let c = s + -106. Is c a composite number?
True
Let b(r) = 143*r**2 + 6*r - 10. Let i be b(3). Suppose 3*y + y + 4*n = 1036, -5*y - 3*n = -i. Is y a composite number?
True
Let x = 4593 - 2577. Suppose -244 = -4*w + x. Is w composite?
True
Let n(t) be the first derivative of -7 + 4*t**2 - 1/4*t**4 - 10/3*t**3 + 16*t. Is n(-11) a prime number?
False
Suppose -110 = -5*b + 4*f, 0 = 4*b + 4*f + 36 - 124. Let l = b - 19. Suppose 361 = l*g + 76. Is g composite?
True
Suppose -b - 22 = -p - 6*b, 5*p - 23 = 4*b. Let s(o) = 2*o**2 - 3*o**2 + 4*o**2 + p - 6*o. Is s(6) prime?
True
Suppose -2*s - 269 + 4018 = 5*o, -4*o = -s - 3007. Is o composite?
False
Suppose -5*d - 5*h + 12619 = -411, 3*h = 3. Is d prime?
False
Suppose -10 + 28 = 2*f. Suppose d - f = -3. Let b(w) = 27*w - 3. Is b(d) composite?
True
Let u = 14 - -84. Let g = u + 1701. Is g a prime number?
False
Let y(c) = -4*c + 319. Is y(0) composite?
True
Let m = -40245 + 58514. Is m prime?
True
Let c = -8 + 14. Suppose -c*v + 15 = -v. Let k = 24 - v. Is k a composite number?
True
Suppose b + b - j = -27, -3*j = 5*b + 51. Let d = 1 + 1. Is (148/b)/(d/(-6)) prime?
True
Let i be 446/18 - (-2)/9. Let h = i - 25. Suppose -5*f + 2*l + 551 = -4*f, -5*f - 2*l + 2695 = h. Is f composite?
False
Is (123/21 + -6)/((-1)/178661) a prime number?
True
Suppose 2 = 3*o - 2*n - 25, -n = 4*o - 25. Let k(u) = u - 5. Let x be k(o). Suppose -4*d + l = -22 - 978, x*l = d - 243. Is d composite?
False
Let z(c) = -2*c**2 + 10*c + 27. Let a be z(14). Suppose 5*n + 40 = n. Let m = n - a. Is m composite?
True
Let p(t) = -t - 10. Let d be p(-8). Is 5 + 13/(-2) + (-2537)/d a prime number?
False
Let h = 8235 - 5876. Is h prime?
False
Let s(u) = -2 + 7*u**3 - 2 + 3*u - u. Let m = -10 - -13. Is s(m) a composite number?
False
Suppose -2*n + 29046 = 4*n. Is n composite?
True
Let w = 265 - 28. Let z = 560 - 208. Let l = z - w. Is l a composite number?
True
Let s(b) = -5*b**3 - 42*b**2 + 20. Is s(-13) composite?
False
Let h be (0 - 0)/(4 - 3). Let j = 1572 + -2249. Is j/(-2)*(2 - h) prime?
True
Let z = -1 + 15. Let b be (-2)/(-7) + (-4)/z. Suppose b = k - 5, k = 5*o - 664 - 1106. Is o prime?
False
Let w(l) = l**3 - 5*l**2 + 4*l + 2. Let i be w(4). Suppose -5*k = -i*c - 834, 4*c = -3 - 5. Suppose 4*s - 2*s - k = 0. Is s a prime number?
True
Let m be -3 - (0 - 4) - -5. Let g = m - -401. Is g prime?
False
Let s = 3 - 2. Let q be (s - (3 + -3))*163. Let x = 210 + q. Is x a composite number?
False
Let q(j) = -j**3 - 11*j**2 - 25*j - 8. Let y be q(-8). Suppose t - 151 - 300 = y. Is t a composite number?
True
Let o be (-76)/6*(-4 - 599). Suppose -a + 2*a = 5*d - o, -5*d - 4*a = -7623. Suppose -d = -5*m + 1638. Is m composite?
True
Let k be ((-18)/(-21))/(3/21). Let w = 10 - k. Suppose 0 = -0*x + 5*x + 2*m - 549, w*x + 2*m - 438 = 0. Is x prime?
False
Let f(t) = 8*t**2 + 8*t + 37. Is f(18) a composite number?
True
Let z(c) = c**2 + 3*c + 2. Let h be z(-4). Is (-1)/((24/(-28))/h) prime?
True
Let s = 11 - 11. Suppose -4*z - 4*o + 924 = 0, z - 4*o + 3*o - 239 = s. Let p = z - 108. Is p a composite number?
False
Let r(o) = 4*o**2 - 3*o + 3. Let f be r(1). Suppose 4*s - 8*s + 3*g = -1664, -f*g + 1273 = 3*s. Is s composite?
False
Let w(a) = 2 - 66 + 54*a + 27. Is w(5) a prime number?
True
Suppose 5*l - 774 - 14216 = 0. Is l a composite number?
True
Suppose 4*f - 5*f + 696 = 0. Let c = f - 259. Is c prime?
False
Let m = 11635 - -18154. Is m composite?
False
Suppose 5*z = -g - 74, 4*g - 32 = 4*z + 8. Suppose 2*v - 4*n = 202, -2*v + 176 = 3*n - 12. Let q = v - z. Is q a prime number?
False
Let k = -4157 + 2560. Let l = 3053 + k. Suppose -5*t = -1039 - l. Is t prime?
Tr